{"id":301,"date":"2024-02-28T11:45:14","date_gmt":"2024-02-28T11:45:14","guid":{"rendered":"https:\/\/researchcompetences.us.edu.pl\/?page_id=301"},"modified":"2024-02-28T11:57:37","modified_gmt":"2024-02-28T11:57:37","slug":"wywiady","status":"publish","type":"page","link":"https:\/\/researchcompetences.us.edu.pl\/index.php\/wywiady\/","title":{"rendered":"Wywiady"},"content":{"rendered":"\n<p>Przeprowadzamy wywiady ze specjalistami w zakresie zarz\u0105dzania kompetencjami i zastosowania tego podej\u015bcia w zarz\u0105dzaniu uczelni\u0105 lub projektem badawczym. Poni\u017cej zobacz wywiady, kt\u00f3re przeprowadzili\u015bmy do tej pory:<\/p>\n\n\n\n<p><strong>Jaki jest wp\u0142yw zarz\u0105dzania kompetenjcami na sukcesy uniwersytetu?<\/strong><\/p>\n\n\n\n<p>Wywiad z Prof. Martin Euwema z Katolickiego Uniwersytetu Lowa\u0144skiego (Belgia)<\/p>\n\n\n\n<figure class=\"wp-block-embed is-type-video is-provider-youtube wp-block-embed-youtube wp-embed-aspect-16-9 wp-has-aspect-ratio\"><div class=\"wp-block-embed__wrapper\">\n<iframe loading=\"lazy\" title=\"C4RE talks | Competences and Innovativeness of Universities\" width=\"810\" height=\"456\" src=\"https:\/\/www.youtube.com\/embed\/04UlLnBNU1I?feature=oembed\" frameborder=\"0\" allow=\"accelerometer; autoplay; clipboard-write; encrypted-media; gyroscope; picture-in-picture; web-share\" allowfullscreen><\/iframe>\n<\/div><\/figure>\n\n\n\n<p><strong>Jakie kompetencje warto doskonali\u0107 b\u0119d\u0105c w roli mened\u017cera projektu badawczego?<\/strong><\/p>\n\n\n\n<p>Wywiad z Prof. Visente Martinez Tur z University of Valencia (Hiszpania)<\/p>\n\n\n\n<figure class=\"wp-block-embed is-type-video is-provider-youtube wp-block-embed-youtube wp-embed-aspect-16-9 wp-has-aspect-ratio\"><div class=\"wp-block-embed__wrapper\">\n<iframe loading=\"lazy\" title=\"C4RE talks | Competence of managing a research team\" width=\"810\" height=\"456\" src=\"https:\/\/www.youtube.com\/embed\/je_026x9gmQ?feature=oembed\" frameborder=\"0\" allow=\"accelerometer; autoplay; clipboard-write; encrypted-media; gyroscope; picture-in-picture; web-share\" allowfullscreen><\/iframe>\n<\/div><\/figure>\n\n\n\n<p><strong>Jak uniwersytety na \u015bwiecie wspieraj\u0105 aktywno\u015b\u0107 naukow\u0105 swoich pracownik\u00f3w, aby w pe\u0142ni wykorzysta\u0107 ich kompetencje?<\/strong><\/p>\n\n\n\n<p>Wywiad z Prof. Matiasem Pul\u00f3pulos Tripiana z Ghent University (Bielgia)<\/p>\n\n\n\n<figure class=\"wp-block-embed is-type-video is-provider-youtube wp-block-embed-youtube wp-embed-aspect-16-9 wp-has-aspect-ratio\"><div class=\"wp-block-embed__wrapper\">\n<iframe loading=\"lazy\" title=\"C4RE talks | University support for building researcher competence\" width=\"810\" height=\"456\" src=\"https:\/\/www.youtube.com\/embed\/3jFG7fq2PMY?feature=oembed\" frameborder=\"0\" allow=\"accelerometer; autoplay; clipboard-write; encrypted-media; gyroscope; picture-in-picture; web-share\" allowfullscreen><\/iframe>\n<\/div><\/figure>\n\n\n\n<p><strong>Jakie s\u0105 kompetencje, kt\u00f3re warunkuj\u0105 sukces naukowca?<\/strong><\/p>\n\n\n\n<p>Wywiad z Prof. Corinna Peifer University of L\u00fcbeck (Niemcy)<\/p>\n\n\n\n<figure class=\"wp-block-embed is-type-video is-provider-youtube wp-block-embed-youtube wp-embed-aspect-16-9 wp-has-aspect-ratio\"><div class=\"wp-block-embed__wrapper\">\n<iframe loading=\"lazy\" title=\"C4RE talks | Competencies that determine the scientific success of a researcher\" width=\"810\" height=\"456\" src=\"https:\/\/www.youtube.com\/embed\/_bmnzL0fm0U?feature=oembed\" frameborder=\"0\" allow=\"accelerometer; autoplay; clipboard-write; encrypted-media; gyroscope; picture-in-picture; web-share\" allowfullscreen><\/iframe>\n<\/div><\/figure>\n\n\n\n<p><strong>Jak kompetencje mened\u017cerskie wp\u0142ywaj\u0105 na sukces zespo\u0142u naukowego?<\/strong><\/p>\n\n\n\n<p>Wywiad z Prof. Richardem Griffith z Institute for Cross Cultural Management of Florida Institute of Technology (USA)<\/p>\n\n\n\n<figure class=\"wp-block-embed is-type-video is-provider-youtube wp-block-embed-youtube wp-embed-aspect-16-9 wp-has-aspect-ratio\"><div class=\"wp-block-embed__wrapper\">\n<iframe loading=\"lazy\" title=\"C4RE talks | Organisational competences and the success of the research team\" width=\"810\" height=\"456\" src=\"https:\/\/www.youtube.com\/embed\/YAhJovOl5M0?feature=oembed\" frameborder=\"0\" allow=\"accelerometer; autoplay; clipboard-write; encrypted-media; gyroscope; picture-in-picture; web-share\" allowfullscreen><\/iframe>\n<\/div><\/figure>\n\n\n\n<p><strong>Jaka jest perspektywa zast\u0105pienia kompetencji ludzi przez sztuczn\u0105 inteligencj\u0119?<\/strong><\/p>\n\n\n\n<p>Wywiad z Prof. Sharon Glazer z University of Baltimore i University of Maryland (USA)<\/p>\n\n\n\n<figure class=\"wp-block-embed is-type-video is-provider-youtube wp-block-embed-youtube wp-embed-aspect-16-9 wp-has-aspect-ratio\"><div class=\"wp-block-embed__wrapper\">\n<iframe loading=\"lazy\" title=\"C4RE talks | The future of work in the perspective of artificial intelligence\" width=\"810\" height=\"456\" src=\"https:\/\/www.youtube.com\/embed\/g20NICe_T1E?feature=oembed\" frameborder=\"0\" allow=\"accelerometer; autoplay; clipboard-write; encrypted-media; gyroscope; picture-in-picture; web-share\" allowfullscreen><\/iframe>\n<\/div><\/figure>\n\n\n\n<p><strong>Jak szybko sztuczna inteligencja zast\u0105pi prac\u0119 cz\u0142owieka i co si\u0119 wtedy stanie?<\/strong><\/p>\n\n\n\n<p>Wywiad z Prof. Richardem Griffith z Institute for Cross Cultural Management of Florida Institute of Technology (USA)<\/p>\n\n\n\n<figure class=\"wp-block-embed is-type-video is-provider-youtube wp-block-embed-youtube wp-embed-aspect-16-9 wp-has-aspect-ratio\"><div class=\"wp-block-embed__wrapper\">\n<iframe loading=\"lazy\" title=\"C4RE talks | The future of work and artificial management\" width=\"810\" height=\"456\" src=\"https:\/\/www.youtube.com\/embed\/-4yGzoWMsnU?feature=oembed\" frameborder=\"0\" allow=\"accelerometer; autoplay; clipboard-write; encrypted-media; gyroscope; picture-in-picture; web-share\" allowfullscreen><\/iframe>\n<\/div><\/figure>\n\n\n\n<p><strong>Jakie s\u0105 najwa\u017cniejsze kompetencje lidera bada\u0144 naukowych?<\/strong><\/p>\n\n\n\n<p>Wywiad z Prof. Marcinem Grzegorzkiem z Uniwersytetu w Lubece (Niemcy)<\/p>\n\n\n\n<figure class=\"wp-block-embed is-type-video is-provider-youtube wp-block-embed-youtube wp-embed-aspect-16-9 wp-has-aspect-ratio\"><div class=\"wp-block-embed__wrapper\">\n<iframe loading=\"lazy\" title=\"C4RE talks | Competences of Leadership in Research\" width=\"810\" height=\"456\" src=\"https:\/\/www.youtube.com\/embed\/aRa0uuKKnkM?feature=oembed\" frameborder=\"0\" allow=\"accelerometer; autoplay; clipboard-write; encrypted-media; gyroscope; picture-in-picture; web-share\" allowfullscreen><\/iframe>\n<\/div><\/figure>\n","protected":false},"excerpt":{"rendered":"<p>Przeprowadzamy wywiady ze specjalistami w zakresie zarz\u0105dzania kompetencjami i zastosowania tego podej\u015bcia w zarz\u0105dzaniu uczelni\u0105 lub projektem badawczym. Poni\u017cej zobacz wywiady, kt\u00f3re przeprowadzili\u015bmy do tej pory: Jaki jest wp\u0142yw zarz\u0105dzania kompetenjcami na sukcesy uniwersytetu? Wywiad z Prof. Martin Euwema z Katolickiego Uniwersytetu Lowa\u0144skiego (Belgia) Jakie kompetencje warto doskonali\u0107 b\u0119d\u0105c w roli mened\u017cera projektu badawczego? Wywiad z Prof. Visente Martinez Tur z University of Valencia (Hiszpania) Jak uniwersytety na \u015bwiecie wspieraj\u0105 aktywno\u015b\u0107 naukow\u0105 swoich pracownik\u00f3w, aby w pe\u0142ni wykorzysta\u0107 ich kompetencje? Wywiad z Prof. Matiasem Pul\u00f3pulos Tripiana z Ghent University (Bielgia) Jakie s\u0105 kompetencje, kt\u00f3re warunkuj\u0105 sukces naukowca? Wywiad z Prof.<\/p>\n","protected":false},"author":1,"featured_media":0,"parent":0,"menu_order":0,"comment_status":"closed","ping_status":"closed","template":"","meta":{"footnotes":""},"class_list":["post-301","page","type-page","status-publish","hentry"],"_links":{"self":[{"href":"https:\/\/researchcompetences.us.edu.pl\/index.php\/wp-json\/wp\/v2\/pages\/301","targetHints":{"allow":["GET"]}}],"collection":[{"href":"https:\/\/researchcompetences.us.edu.pl\/index.php\/wp-json\/wp\/v2\/pages"}],"about":[{"href":"https:\/\/researchcompetences.us.edu.pl\/index.php\/wp-json\/wp\/v2\/types\/page"}],"author":[{"embeddable":true,"href":"https:\/\/researchcompetences.us.edu.pl\/index.php\/wp-json\/wp\/v2\/users\/1"}],"replies":[{"embeddable":true,"href":"https:\/\/researchcompetences.us.edu.pl\/index.php\/wp-json\/wp\/v2\/comments?post=301"}],"version-history":[{"count":2,"href":"https:\/\/researchcompetences.us.edu.pl\/index.php\/wp-json\/wp\/v2\/pages\/301\/revisions"}],"predecessor-version":[{"id":305,"href":"https:\/\/researchcompetences.us.edu.pl\/index.php\/wp-json\/wp\/v2\/pages\/301\/revisions\/305"}],"wp:attachment":[{"href":"https:\/\/researchcompetences.us.edu.pl\/index.php\/wp-json\/wp\/v2\/media?parent=301"}],"curies":[{"name":"wp","href":"https:\/\/api.w.org\/{rel}","templated":true}]}}